{"id":815,"date":"2025-02-25T16:08:06","date_gmt":"2025-02-25T16:08:06","guid":{"rendered":"https:\/\/mitomets.com\/?page_id=815"},"modified":"2025-05-12T11:56:42","modified_gmt":"2025-05-12T11:56:42","slug":"publicaciones","status":"publish","type":"page","link":"https:\/\/mitomets.com\/index.php\/publicaciones\/","title":{"rendered":"GRUPO DIAMET"},"content":{"rendered":"\n<div style=\"height:6px\" aria-hidden=\"true\" class=\"wp-block-spacer\"><\/div>\n\n\n\n<div class=\"wp-block-cover alignfull\"><div id=\"metaslider-id-2067\" style=\"width: 100%;\" class=\"ml-slider-3-108-0 metaslider metaslider-flex metaslider-2067 ml-slider has-dots-nav ms-theme-default-base\" role=\"region\" aria-label=\"Nueva presentaci\u00f3n de diapositivas\" data-height=\"600\" data-width=\"2000\">\n    <div id=\"metaslider_container_2067\">\n        <div id=\"metaslider_2067\">\n            <ul class='slides'>\n                <li style=\"display: block; width: 100%;\" class=\"slide-2069 ms-image \" aria-roledescription=\"slide\" data-date=\"2025-03-07 18:34:58\" data-filename=\"GRUPO-PERIOMET-2000x600-1.jpg\" data-slide-type=\"image\"><img loading=\"lazy\" decoding=\"async\" src=\"https:\/\/mitomets.com\/wp-content\/uploads\/2025\/03\/GRUPO-PERIOMET-2000x600-1.jpg\" height=\"600\" width=\"2000\" alt=\"\" class=\"slider-2067 slide-2069 msDefaultImage\" title=\"GRUPO PERIOMET 2000x600\" \/><\/li>\n            <\/ul>\n        <\/div>\n        \n    <\/div>\n<\/div><div class=\"bg-image-wrapper\">\n\n<\/div><\/div><div class=\"inner-holder\"><\/div><\/div>\n\n\n\n\n<div style=\"height:100px\" aria-hidden=\"true\" class=\"wp-block-spacer\"><\/div>\n\n\n\n<h2 class=\"wp-block-heading has-text-color has-link-color wp-elements-316542f0cddad15d87039a32375aed34\" style=\"color:#4f7cac\">Publicaciones &#8211; Grupo DIAMET<\/h2>\n\n\n\n<div style=\"height:30px\" aria-hidden=\"true\" class=\"wp-block-spacer\"><\/div>\n\n\n\n<hr class=\"wp-block-separator has-text-color has-cyan-bluish-gray-color has-alpha-channel-opacity has-cyan-bluish-gray-background-color has-background is-style-wide\"\/>\n\n\n\n<div style=\"height:30px\" aria-hidden=\"true\" class=\"wp-block-spacer\"><\/div>\n\n\n\n<ol class=\"wp-block-list\">\n<li>Luna-Marco, C., Devos, D., Cacace, J., Fernandez-Reyes, M., D\u00edaz-Pozo, P., Salazar, J. D., Sol\u00e1, E., Morillas, C., Rocha, M., V\u00edctor, V. M., &amp; Rovira-Llopis, S. (2024). Molecular circadian clock disruption in the leukocytes of individuals with type 2 diabetes and overweight, and its relationship with leukocyte-endothelial interactions.&nbsp;<em>Diabetologia<\/em>,&nbsp;<em>67<\/em>(10), 2316\u20132328. <a href=\"https:\/\/doi.org\/10.1007\/s00125-024-06219-z\">https:\/\/doi.org\/10.1007\/s00125-024-06219-z<\/a>.<\/li>\n\n\n\n<li>Rovira-Llopis, S., Luna-Marco, C., Perea-Galera, L., Ba\u00f1uls, C., Morillas, C., &amp;Victor, V. M. (2024). Circadian alignment of food intake and glycaemic control by time-restricted eating: A systematic review and meta-analysis.&nbsp;<em>Reviews in endocrine &amp; metabolic disorders<\/em>,&nbsp;<em>25<\/em>(2), 325\u2013337. <a href=\"https:\/\/doi.org\/10.1007\/s11154-023-09853-x\">https:\/\/doi.org\/10.1007\/s11154-023-09853-x<\/a><\/li>\n\n\n\n<li>Luna-Marco, C., de Mara\u00f1on, A. M., Hermo-Argibay, A., Rodriguez-Hernandez, Y., Hermenejildo, J., Fernandez-Reyes, M., Apostolova, N., Vila, J., Sola, E., Morillas, C., Rovira-Llopis, S., Rocha, M., &amp;Victor, V. M. (2023). Effects of GLP-1 receptor agonists on mitochondrial function, inflammatory markers and leukocyte-endothelium interactions in type 2 diabetes.&nbsp;<em>Redox biology<\/em>,&nbsp;<em>66<\/em>, 102849. <a href=\"https:\/\/doi.org\/10.1016\/j.redox.2023.102849\">https:\/\/doi.org\/10.1016\/j.redox.2023.102849<\/a><\/li>\n\n\n\n<li>Apostolova, N., Vezza, T., Muntane, J., Rocha, M., &amp; V\u00edctor, V. M. (2023). Mitochondrial Dysfunction and Mitophagy in Type 2 Diabetes: Pathophysiology and Therapeutic Targets.&nbsp;<em>Antioxidants&amp; redox signaling<\/em>,&nbsp;<em>39<\/em>(4-6), 278\u2013320. <a href=\"https:\/\/doi.org\/10.1089\/ars.2022.0016\">https:\/\/doi.org\/10.1089\/ars.2022.0016<\/a><\/li>\n\n\n\n<li>Canet, F., D\u00edaz-Pozo, P., Luna-Marco, C., Fernandez-Reyes, M., Vezza, T., Marti, M., Salazar, J. D., Roldan, I., Morillas, C., Rovira-Llopis, S., Rocha, M., &amp; V\u00edctor, V. M. (2022). Mitochondrial redox impairment and enhanced autophagy in peripheral blood mononuclear cells from type 1 diabetic patients.&nbsp;<em>Redox biology<\/em>,&nbsp;<em>58<\/em>, 102551. <a href=\"https:\/\/doi.org\/10.1016\/j.redox.2022.102551\">https:\/\/doi.org\/10.1016\/j.redox.2022.102551<\/a><\/li>\n\n\n\n<li>de Mara\u00f1\u00f3n, A. M., D\u00edaz-Pozo, P., Canet, F., D\u00edaz-Morales, N., Abad-Jim\u00e9nez, Z., L\u00f3pez-Dom\u00e8nech, S., Vezza, T., Apostolova, N., Morillas, C., Rocha, M., &amp; V\u00edctor, V. M. (2022). Metformin modulates mitochondrial function and mitophagy in peripheral blood mononuclear cells from type 2 diabetic patients.&nbsp;<em>Redox biology<\/em>,&nbsp;<em>53<\/em>, 102342. <a href=\"https:\/\/doi.org\/10.1016\/j.redox.2022.102342\">https:\/\/doi.org\/10.1016\/j.redox.2022.102342<\/a><\/li>\n\n\n\n<li>de Mara\u00f1\u00f3n, A. M., Canet, F., Abad-Jim\u00e9nez, Z., Jover, A., Morillas, C., Rocha, M., &amp;Victor, V. M. (2021). Does Metformin Modulate Mitochondrial Dynamics and Function in Type 2 Diabetic Patients?.&nbsp;<em>Antioxidants&amp; redox signaling<\/em>,&nbsp;<em>35<\/em>(5), 377\u2013385. <a href=\"https:\/\/doi.org\/10.1089\/ars.2021.0019\">https:\/\/doi.org\/10.1089\/ars.2021.0019<\/a><\/li>\n\n\n\n<li>Apostolova, N., Iannantuoni, F., Gruevska, A., Muntane, J., Rocha, M., &amp;Victor, V. M. (2020). Mechanisms of action of metformin in type 2 diabetes: Effects on mitochondria and leukocyte-endothelium interactions.&nbsp;<em>Redox biology<\/em>,&nbsp;<em>34<\/em>, 101517. <a href=\"https:\/\/doi.org\/10.1016\/j.redox.2020.101517\">https:\/\/doi.org\/10.1016\/j.redox.2020.101517<\/a><\/li>\n\n\n\n<li>Pradas, I., Rovira-Llopis, S., Naud\u00ed, A., Ba\u00f1uls, C., Rocha, M., Hernandez-Mijares, A., Pamplona, R., Victor, V. M., &amp;Jov\u00e9, M. (2019). Metformin induces lipid changes on sphingolipid species and oxidized lipids in polycystic ovary syndrome women.&nbsp;<em>Scientificreports<\/em>,&nbsp;<em>9<\/em>(1), 16033. <a href=\"https:\/\/doi.org\/10.1038\/s41598-019-52263-w\">https:\/\/doi.org\/10.1038\/s41598-019-52263-w<\/a><\/li>\n\n\n\n<li>Hernandez-Mijares, A., Rocha, M., Rovira-Llopis, S., Ba\u00f1uls, C., Bellod, L., de Pablo, C., Alvarez, A., Roldan-Torres, I., Sola-Izquierdo, E., &amp;Victor, V. M. (2013). Human leukocyte\/endothelial cell interactions and mitochondrial dysfunction in type 2 diabetic patients and their association with silent myocardial ischemia.&nbsp;<em>Diabetes care<\/em>,&nbsp;<em>36<\/em>(6), 1695\u20131702. <a href=\"https:\/\/doi.org\/10.2337\/dc12-1224\">https:\/\/doi.org\/10.2337\/dc12-1224<\/a><\/li>\n<\/ol>\n\n\n\n<p>Mas publicaciones del Grupo<\/p>\n\n\n\n<ul class=\"wp-block-list\">\n<li><a href=\"https:\/\/pubmed.ncbi.nlm.nih.gov\/?term=Victor+VM+&amp;sort=date\">https:\/\/pubmed.ncbi.nlm.nih.gov\/?term=Victor+VM+&amp;sort=date<\/a><\/li>\n\n\n\n<li><a href=\"https:\/\/pubmed.ncbi.nlm.nih.gov\/?term=Victor%20VM%20and%20Rovira%20Llopis%20S&amp;sort=date\">https:\/\/pubmed.ncbi.nlm.nih.gov\/?term=Victor%20VM%20and%20Rovira%20Llopis%20S&amp;sort=date<\/a><\/li>\n<\/ul>\n\n\n\n<p><a id=\"_msocom_1\"><\/a><\/p>\n\n\n\n<p><\/p>\n","protected":false},"excerpt":{"rendered":"<p>Publicaciones &#8211; Grupo DIAMET Mas publicaciones del Grupo<\/p>\n","protected":false},"author":1,"featured_media":0,"parent":0,"menu_order":0,"comment_status":"closed","ping_status":"closed","template":"","meta":{"_uag_custom_page_level_css":"","_citadela_hide_page_title":"1","_citadela_remove_header_space":"1","footnotes":""},"class_list":["post-815","page","type-page","status-publish","hentry"],"uagb_featured_image_src":{"full":false,"thumbnail":false,"medium":false,"medium_large":false,"large":false,"1536x1536":false,"2048x2048":false,"citadela_item_thumbnail":false},"uagb_author_info":{"display_name":"admin","author_link":"https:\/\/mitomets.com\/index.php\/author\/admin\/"},"uagb_comment_info":0,"uagb_excerpt":"Publicaciones &#8211; Grupo DIAMET Mas publicaciones del Grupo","_links":{"self":[{"href":"https:\/\/mitomets.com\/index.php\/wp-json\/wp\/v2\/pages\/815","targetHints":{"allow":["GET"]}}],"collection":[{"href":"https:\/\/mitomets.com\/index.php\/wp-json\/wp\/v2\/pages"}],"about":[{"href":"https:\/\/mitomets.com\/index.php\/wp-json\/wp\/v2\/types\/page"}],"author":[{"embeddable":true,"href":"https:\/\/mitomets.com\/index.php\/wp-json\/wp\/v2\/users\/1"}],"replies":[{"embeddable":true,"href":"https:\/\/mitomets.com\/index.php\/wp-json\/wp\/v2\/comments?post=815"}],"version-history":[{"count":27,"href":"https:\/\/mitomets.com\/index.php\/wp-json\/wp\/v2\/pages\/815\/revisions"}],"predecessor-version":[{"id":2763,"href":"https:\/\/mitomets.com\/index.php\/wp-json\/wp\/v2\/pages\/815\/revisions\/2763"}],"wp:attachment":[{"href":"https:\/\/mitomets.com\/index.php\/wp-json\/wp\/v2\/media?parent=815"}],"curies":[{"name":"wp","href":"https:\/\/api.w.org\/{rel}","templated":true}]}}